 -u = -4*k + 4*p. What is the units digit of k?
6
Let t(y) = y**2 - 2*y - 1. Let w be t(2). What is the units digit of 24/2 + (2 - w)?
5
Suppose -2*p + 23 = -3*y, -2*y + 1 = -4*p + 27. Let g be (y - (-2 - 0)) + 6. Suppose w = 2*n - 1 - 3, 5*w - g*n = 15. What is the units digit of w?
6
Let z = 4 - 1. Suppose 0 = -3*k + 4*k + z. What is the units digit of k*(1 - 8/6)?
1
Let i = 7 + -7. Let q(m) = -m + 14. What is the units digit of q(i)?
4
Suppose -4*y + g - 2*g + 50 = 0, g - 63 = -5*y. Suppose 4*a + 127 = -y. Let s = -19 - a. What is the tens digit of s?
1
Let t be 6 + (3 + -4)*2. What is the units digit of 78/4*t/6?
3
Let m = 35 + -24. What is the tens digit of 1*m + (-30)/(-10)?
1
Let f(s) = -s**3 - 7*s**2 - 8*s - 5. Let d be f(-6). Suppose q + 3 = d. Suppose 2 - 14 = -q*y. What is the units digit of y?
3
Let r = 80 - 44. What is the tens digit of r?
3
Suppose u = 6*u - 25. Let v be ((-20)/(-15))/(3/9). Suppose 4*o + 3*y = -y + 8, -v*y = u*o - 10. What is the units digit of o?
2
Let d = -24 + 2. Let a = d - -37. What is the tens digit of a?
1
Let c = 61 + 176. What is the hundreds digit of c?
2
Suppose -2*s - 12 = -i, 3*s + 5 = 2*i - 14. Suppose -4*y - 4*p = -52, i*y + 5*p - 35 = -0*p. What is the units digit of 1*y - 1/1?
9
Let p(v) = v**3 - 12*v**2 + 12*v + 8. What is the tens digit of p(11)?
1
Suppose 0*z - z + 28 = 0. Let u = -20 + z. What is the units digit of u?
8
Suppose -3*b = -5*w - 131, -w + 43 = b - 2*w. What is the tens digit of b?
4
Let h = -34 - -59. What is the tens digit of h?
2
Suppose -3*k + 5*g = -32, 0 = 5*k - g - 0*g - 24. Suppose k*b + 5 = -3. Let m = b - -5. What is the units digit of m?
3
Suppose -m + 41 = 2*m - 5*a, -2*a = 5*m - 58. What is the units digit of ((-6)/m)/(2/(-28))?
7
Let r = 13 - 4. What is the units digit of r?
9
Suppose 5*n - 27 = 2*n. Suppose z - 3 = n. What is the units digit of z?
2
Suppose -312 = f - 5*f. What is the units digit of f?
8
Let y = -30 - -20. Let i be y/(-15) - (-14)/6. Suppose 3*p + i = 4*p. What is the units digit of p?
3
Let c(o) = -o**3 - 3. Let d be c(0). Let p = d + 1. What is the units digit of -1 - (2 + (p - 7))?
6
Let x = 57 + -5. What is the units digit of x?
2
Suppose 0*k - 2*k - 622 = -4*q, 3*k - 3 = 0. What is the hundreds digit of q?
1
Let v(s) = -s**3 + 2*s**2 + 3*s. Let n be v(3). Suppose 13*f - 14*f + 24 = n. What is the units digit of f?
4
Let z(x) = x**3 - 8*x**2 + 8*x + 6. Let c be z(6). Let k be (-2)/9 + (-76)/c. Suppose -2*a + 4*n = k, 3*a - 4 + 0 = n. What is the units digit of a?
2
Let a = 1 + -1. Suppose a = -5*i + v - 14, 0*v - 2*v + 14 = -3*i. What is the units digit of -9*(0 - 1) + i?
7
Suppose q - 10 = -2*k - 0*q, -3*k = q - 14. Suppose -5*o + 35 = -5*u, -5*u + 0*o + k*o = 38. Let z = -5 - u. What is the units digit of z?
5
Let r(d) = -2*d**2 + d - 2. Let a be r(1). Suppose 75 = -t + 6*t. Let y = t + a. What is the units digit of y?
2
Let b(c) = c**3 - 8*c**2 - 2*c + 8. Let j be b(8). Let o = j - -11. What is the units digit of o*(-4)/6 + 9?
7
Suppose -d + 94 = d. Let i = -25 + d. What is the units digit of i?
2
Let n(c) = 52 - 8*c - 53 - 3*c. Suppose 3*z + 6 = -w, -1 + 10 = -3*z - 2*w. What is the units digit of n(z)?
0
Let a = 10 - 5. Let q be (10/(-6))/(-5) + 2/(-6). Suppose q*i - i - 11 = -b, a*b = -i + 55. What is the tens digit of b?
1
Let r = -24 + 17. What is the units digit of (r/(-21))/(1/57)?
9
Suppose -3*a - 2*l + 640 = 0, 3*a = a - 5*l + 434. Suppose -4*c + a = 4*g + c, -16 = 4*c. What is the units digit of g?
8
Let m be 0/3 - (1 - 5). Let r be (-2)/7 + 4/14. Suppose 3*g - 6 = -2*l - 0*l, m*g - l - 19 = r. What is the units digit of g?
4
Suppose -4*q + m + 772 = 0, 5*q - 1059 = -5*m - 119. Suppose -4*w + q + 20 = 0. What is the units digit of w?
3
Let a(n) = -n**2 + 11*n - 7. Let k(w) = -4*w - 4. Let s be k(-3). What is the units digit of a(s)?
7
Suppose -4*c - 54 = -2*u, u = c - 19 + 50. What is the units digit of u?
5
Suppose 4*s + 5 = 5*t, 0*s + 2*s + 2*t - 2 = 0. Suppose 0 = -5*n - 2*c + 108, 17 = n - s*n + 5*c. What is the units digit of n?
2
Let q(u) = -2*u + 1. Let m(w) = 3*w. Suppose -3 = d + 2. Let f(r) = d*q(r) - 4*m(r). What is the units digit of f(-6)?
7
Suppose 2*o + 7 = 3. What is the tens digit of o + 0 - 1*-43?
4
Suppose -30*b = -32*b + 124. What is the units digit of b?
2
Let f = 8 + -13. Let l(p) be the first derivative of -3*p**2/2 + p - 3. What is the tens digit of l(f)?
1
Let m(z) = 4*z**3 + z**2 - 2*z. Let y be m(2). Suppose l - y = -0*l. What is the tens digit of l?
3
Let l = -489 + 947. Let f be l/22 + (-4)/(-22). Let j = f + -13. What is the units digit of j?
8
Let n(a) = -a**3 - 6*a**2 + 7*a + 1. Let k be n(-7). Suppose k + 31 = 4*x. What is the units digit of 2/x - 15/(-20)?
1
Let i = -21 + 30. Let y = 16 - i. What is the units digit of y?
7
Suppose -13 - 4 = -3*z - 2*u, -2*z = 5*u - 15. Let r be -5 + z - 0/2. Suppose 2*y - 3*k = k + 50, r = y - 3*k - 30. What is the tens digit of y?
1
What is the tens digit of -56*(-4 - (-2 - 1))?
5
Let g be (8/(-5))/(2/(-10)). Suppose 0 = -g*q + 4*q + 5*c + 100, -2*c = -5*q + 142. Suppose 5*t = 4*b - q, b + t - 11 = 1. What is the units digit of b?
0
Suppose 4*g = 9*g. Suppose g + 3 = v. What is the units digit of v?
3
Suppose -2*g + 11 = -3. Suppose -4*n = 4*x + 4, 3*n = g*x - 3*x + 18. Suppose 2*l = 4*t - 28, -n*t - 2*l + 6 = 4. What is the units digit of t?
5
Suppose 3*a + 5*d - 19 = 18, 0 = -a - 2*d + 14. Let p(s) = 1 - 1 - 1 + a*s + 3*s. What is the units digit of p(1)?
6
Let d(u) = 6*u**2 + u + 16. What is the hundreds digit of d(-7)?
3
Suppose -3 = 3*u, -2*u + 546 = 5*m - 3*u. What is the tens digit of m?
0
Suppose 20 = 2*l + d, 2*l + 4*d - 2*d = 22. Let u be 3/2*12/l. Suppose 5*q + 3*m - 16 - 20 = 0, 18 = u*q + 3*m. What is the units digit of q?
6
Let t(v) = 3*v + 2. Let h be t(2). What is the units digit of 18/4*h/6?
6
What is the tens digit of -3 - 15/(-6) - (-699)/2?
4
Suppose 2*o - 5 = 1. Let s(t) = -t**2 + 5*t - 2. What is the units digit of s(o)?
4
Suppose 3*p + 2*p + a - 354 = 0, -12 = -3*a. What is the tens digit of p?
7
Suppose u = -u + 4. Let z(y) = -2 - u*y + 0*y + 4*y. What is the units digit of z(6)?
0
What is the units digit of 1*(-21)/(-14)*(-2)/(-3)?
1
Suppose n = 133 - 12. What is the units digit of n?
1
Suppose 178 = -4*k - 62. Let o be k/(-16) - (-1)/4. Let w(q) = q**3 - 4*q**2 + 3*q - 6. What is the units digit of w(o)?
6
Let a(w) = 3 - 3 - 3*w. Let k be a(-1). Suppose k*g - 4*y - 18 = 0, 0*g - 2*y - 6 = -g. What is the units digit of g?
6
Let k(a) = 5*a**3 - a. Let p = 14 - 13. What is the units digit of k(p)?
4
Suppose 5*c = 152 + 53. What is the units digit of c?
1
Let b(k) = -k**3 - 12*k**2 + k + 7. Let w be b(-12). Let t = 7 + w. What is the units digit of t?
2
Let i = 30 - 16. What is the units digit of (-105)/i*4/(-5)?
6
Let m(p) = 13*p - 5. What is the tens digit of m(2)?
2
Let h(m) = -4*m - 2. Let j(x) = 3*x + 2. Let o = 9 - 12. Let z(s) = o*j(s) - 2*h(s). What is the units digit of z(-8)?
6
Let l be ((-42)/(-8))/(12/64). Suppose -3*q + l = -5. What is the units digit of q?
1
Suppose 3*c + b = 4*c + 7, 23 = -4*c + 3*b. Let u be (6 + -1)*c/5. Let p(t) = -2*t**3 - 2*t**2 + t - 2. What is the units digit of p(u)?
4
Let i be 42/10 + (-6)/30. Suppose 12 = v + 4*v + i*k, -4*v - 5*k = -15. What is the tens digit of v/1 + 13 + 5?
1
Let a be 1/4 - 3/12. Suppose 6*x - 2*x = a. Suppose x = -i - 4*i + 65. What is the units digit of i?
3
Let w(g) = -17*g**2 + 1. Let c be w(-1). Let k = c - -27. What is the tens digit of k?
1
Let j(n) be the first derivative of n**4/4 + 10*n**3/3 + 7*n**2/2 + 2*n - 3. What is the units digit of j(-9)?
0
Let f be (7 - 6)/((-1)/6). Let v(n) = n**3 + 5*n**2 - 8*n - 7. What is the units digit of v(f)?
5
Suppose -4*k = -6*k + 32. Suppose 5*n - 14 = -j, -4*n - 3*j + k = -j. Suppose 5*b - 2 = -2*m + 6, n*m + 6 = 2*b. What is the units digit of b?
2
Let v = 30 - 27. Let n(j) = -j**2 + 4*j - 7. Let z be n(5). What is the units digit of 5/((-5)/z) + v?
5
Let b(i) = -i + 3. Let a be b(0). Let g be -2*a/(-6) + -2. What is the units digit of g/(-3) + 32/3?
1
Let x be -15*(21/(-15) - -1). Let m = x - 3. What is the units digit of (3/(-2))/(m/(-16))?
8
Suppose -2*a + p = -9, -a = -2*a + p + 7. Let z = a + 22. Suppose 3*t = 6*t - z. Wha